{"id":4260,"date":"2017-02-10T14:35:00","date_gmt":"2017-02-10T13:35:00","guid":{"rendered":"https:\/\/koto.qodeinteractive.com\/?page_id=4260"},"modified":"2024-05-07T09:17:04","modified_gmt":"2024-05-07T07:17:04","slug":"contact-us","status":"publish","type":"page","link":"https:\/\/www.alain-andrade.com\/index.php\/contact-us\/","title":{"rendered":"Me contacter"},"content":{"rendered":"<p>[vc_row disable_background_image=\u00a0\u00bb\u00a0\u00bb][vc_column css=\u00a0\u00bb.vc_custom_1487768890448{padding-top: 0px !important;}\u00a0\u00bb]\n<div class=\"wpcf7 no-js\" id=\"wpcf7-f4448-o1\" lang=\"en-US\" dir=\"ltr\" data-wpcf7-id=\"4448\">\n<div class=\"screen-reader-response\"><p role=\"status\" aria-live=\"polite\" aria-atomic=\"true\"><\/p> <ul><\/ul><\/div>\n<form action=\"\/index.php\/wp-json\/wp\/v2\/pages\/4260#wpcf7-f4448-o1\" method=\"post\" class=\"wpcf7-form init cf7_custom_style_1\" aria-label=\"Contact form\" novalidate=\"novalidate\" data-status=\"init\">\n<fieldset class=\"hidden-fields-container\"><input type=\"hidden\" name=\"_wpcf7\" value=\"4448\" \/><input type=\"hidden\" name=\"_wpcf7_version\" value=\"6.1.4\" \/><input type=\"hidden\" name=\"_wpcf7_locale\" value=\"en_US\" \/><input type=\"hidden\" name=\"_wpcf7_unit_tag\" value=\"wpcf7-f4448-o1\" \/><input type=\"hidden\" name=\"_wpcf7_container_post\" value=\"0\" \/><input type=\"hidden\" name=\"_wpcf7_posted_data_hash\" value=\"\" \/>\n<\/fieldset>\n<div class=\"eltdf-cf7-big-columns clearfix\">\n\t<div class=\"eltdf-cf7-big-column eltdf-column-gray\">\n\t\t<p><span class=\"wpcf7-form-control-wrap\" data-name=\"your-email\"><input size=\"40\" maxlength=\"400\" class=\"wpcf7-form-control wpcf7-email wpcf7-validates-as-required wpcf7-text wpcf7-validates-as-email\" aria-required=\"true\" aria-invalid=\"false\" placeholder=\"VOTRE EMAIL\" value=\"\" type=\"email\" name=\"your-email\" \/><\/span>\n\t\t<\/p>\n\t<\/div>\n\t<div class=\"eltdf-cf7-big-column eltdf-column-alto\">\n\t\t<p><span class=\"wpcf7-form-control-wrap\" data-name=\"your-message\"><textarea cols=\"20\" rows=\"1\" maxlength=\"2000\" class=\"wpcf7-form-control wpcf7-textarea\" aria-invalid=\"false\" placeholder=\"VOTRE MESSAGE\" name=\"your-message\"><\/textarea><\/span>\n\t\t<\/p>\n\t<\/div>\n\t<div class=\"eltdf-cf7-big-column eltdf-column-white\">\n\t\t<p><span class=\"wpcf7-form-control-wrap\" data-name=\"your-name\"><input size=\"40\" maxlength=\"400\" class=\"wpcf7-form-control wpcf7-text wpcf7-validates-as-required\" aria-required=\"true\" aria-invalid=\"false\" placeholder=\"VOTRE NOM\" value=\"\" type=\"text\" name=\"your-name\" \/><\/span>\n\t\t<\/p>\n\t<\/div>\n\t<div class=\"eltdf-cf7-big-column eltdf-column-dark-gray\">\n\t\t<p><input class=\"wpcf7-form-control wpcf7-submit has-spinner\" type=\"submit\" value=\"ENVOYER\" \/>\n\t\t<\/p>\n\t<\/div>\n<\/div><p style=\"display: none !important;\" class=\"akismet-fields-container\" data-prefix=\"_wpcf7_ak_\"><label>&#916;<textarea name=\"_wpcf7_ak_hp_textarea\" cols=\"45\" rows=\"8\" maxlength=\"100\"><\/textarea><\/label><input type=\"hidden\" id=\"ak_js_1\" name=\"_wpcf7_ak_js\" value=\"203\"\/><script>document.getElementById( \"ak_js_1\" ).setAttribute( \"value\", ( new Date() ).getTime() );<\/script><\/p><div class=\"wpcf7-response-output\" aria-hidden=\"true\"><\/div>\n<\/form>\n<\/div>\n[\/vc_column][\/vc_row][vc_row disable_background_image=\u00a0\u00bb\u00a0\u00bb][vc_column css=\u00a0\u00bb.vc_custom_1487760758326{padding-top: 0px !important;}\u00a0\u00bb]<div class=\"eltdf-google-map-holder\">\n\t<div class=\"eltdf-google-map\" id=\"eltdf-map-2598697\" data-addresses='[\"Rue des convalescents 13001 Marseille\"]' data-custom-map-style=yes data-color-overlay=#d8d8d8 data-saturation=-100 data-lightness=0 data-zoom=17 data-pin=https:\/\/alain-andrade.com\/wp-content\/uploads\/2023\/01\/contact-pin-atelier-alain-andrade.png data-unique-id=2598697 data-scroll-wheel=no data-height=873px><\/div>\n\t\t\t<div class=\"eltdf-google-map-overlay\"><\/div>\n\t<\/div>\n[\/vc_column][\/vc_row]<\/p>\n","protected":false},"excerpt":{"rendered":"<p>[vc_row disable_background_image=\u00a0\u00bb\u00a0\u00bb][vc_column css=\u00a0\u00bb.vc_custom_1487768890448{padding-top: 0px !important;}\u00a0\u00bb][\/vc_column][\/vc_row][vc_row [&hellip;]<\/p>\n","protected":false},"author":3,"featured_media":0,"parent":0,"menu_order":0,"comment_status":"closed","ping_status":"closed","template":"full-width.php","meta":{"footnotes":""},"class_list":["post-4260","page","type-page","status-publish","hentry"],"yoast_head":"<!-- This site is optimized with the Yoast SEO plugin v22.6 - https:\/\/yoast.com\/wordpress\/plugins\/seo\/ -->\n<title>Me contacter - Alain Andrade Photographe<\/title>\n<meta name=\"description\" content=\"Alain Andrade est un photographe n\u00e9 en 1956 \u00e0 Paris. Il vit et travaille \u00e0 Marseille. Son travail a \u00e9t\u00e9 pr\u00e9sent\u00e9 dans nombreuses expositions collectives et personnelles en France et \u00e0 l\u2019International. Ses \u0153uvres sont pr\u00e9sentes dans des collections d\u2019\u0153uvre d\u2019art priv\u00e9es et publiques. Vous trouverez sur cette page la liste Publications dont il fait l\u2019objet ainsi que son parcours depuis 1989\" \/>\n<meta name=\"robots\" content=\"index, follow, max-snippet:-1, max-image-preview:large, max-video-preview:-1\" \/>\n<link rel=\"canonical\" href=\"https:\/\/www.alain-andrade.com\/index.php\/contact-us\/\" \/>\n<meta property=\"og:locale\" content=\"fr_FR\" \/>\n<meta property=\"og:type\" content=\"article\" \/>\n<meta property=\"og:title\" content=\"Me contacter - Alain Andrade Photographe\" \/>\n<meta property=\"og:description\" content=\"Alain Andrade est un photographe n\u00e9 en 1956 \u00e0 Paris. Il vit et travaille \u00e0 Marseille. Son travail a \u00e9t\u00e9 pr\u00e9sent\u00e9 dans nombreuses expositions collectives et personnelles en France et \u00e0 l\u2019International. Ses \u0153uvres sont pr\u00e9sentes dans des collections d\u2019\u0153uvre d\u2019art priv\u00e9es et publiques. Vous trouverez sur cette page la liste Publications dont il fait l\u2019objet ainsi que son parcours depuis 1989\" \/>\n<meta property=\"og:url\" content=\"https:\/\/www.alain-andrade.com\/index.php\/contact-us\/\" \/>\n<meta property=\"og:site_name\" content=\"Alain Andrade Photographe\" \/>\n<meta property=\"article:modified_time\" content=\"2024-05-07T07:17:04+00:00\" \/>\n<meta name=\"twitter:card\" content=\"summary_large_image\" \/>\n<meta name=\"twitter:label1\" content=\"Dur\u00e9e de lecture estim\u00e9e\" \/>\n\t<meta name=\"twitter:data1\" content=\"1 minute\" \/>\n<script type=\"application\/ld+json\" class=\"yoast-schema-graph\">{\"@context\":\"https:\/\/schema.org\",\"@graph\":[{\"@type\":\"WebPage\",\"@id\":\"https:\/\/www.alain-andrade.com\/index.php\/contact-us\/\",\"url\":\"https:\/\/www.alain-andrade.com\/index.php\/contact-us\/\",\"name\":\"Me contacter - Alain Andrade Photographe\",\"isPartOf\":{\"@id\":\"https:\/\/www.alain-andrade.com\/#website\"},\"datePublished\":\"2017-02-10T13:35:00+00:00\",\"dateModified\":\"2024-05-07T07:17:04+00:00\",\"description\":\"Alain Andrade est un photographe n\u00e9 en 1956 \u00e0 Paris. Il vit et travaille \u00e0 Marseille. Son travail a \u00e9t\u00e9 pr\u00e9sent\u00e9 dans nombreuses expositions collectives et personnelles en France et \u00e0 l\u2019International. Ses \u0153uvres sont pr\u00e9sentes dans des collections d\u2019\u0153uvre d\u2019art priv\u00e9es et publiques. Vous trouverez sur cette page la liste Publications dont il fait l\u2019objet ainsi que son parcours depuis 1989\",\"breadcrumb\":{\"@id\":\"https:\/\/www.alain-andrade.com\/index.php\/contact-us\/#breadcrumb\"},\"inLanguage\":\"fr-FR\",\"potentialAction\":[{\"@type\":\"ReadAction\",\"target\":[\"https:\/\/www.alain-andrade.com\/index.php\/contact-us\/\"]}]},{\"@type\":\"BreadcrumbList\",\"@id\":\"https:\/\/www.alain-andrade.com\/index.php\/contact-us\/#breadcrumb\",\"itemListElement\":[{\"@type\":\"ListItem\",\"position\":1,\"name\":\"Accueil\",\"item\":\"https:\/\/www.alain-andrade.com\/\"},{\"@type\":\"ListItem\",\"position\":2,\"name\":\"Me contacter\"}]},{\"@type\":\"WebSite\",\"@id\":\"https:\/\/www.alain-andrade.com\/#website\",\"url\":\"https:\/\/www.alain-andrade.com\/\",\"name\":\"Alain Andrade Photographe\",\"description\":\"Alain Andrade photographe\",\"potentialAction\":[{\"@type\":\"SearchAction\",\"target\":{\"@type\":\"EntryPoint\",\"urlTemplate\":\"https:\/\/www.alain-andrade.com\/?s={search_term_string}\"},\"query-input\":\"required name=search_term_string\"}],\"inLanguage\":\"fr-FR\"}]}<\/script>\n<!-- \/ Yoast SEO plugin. -->","yoast_head_json":{"title":"Me contacter - Alain Andrade Photographe","description":"Alain Andrade est un photographe n\u00e9 en 1956 \u00e0 Paris. Il vit et travaille \u00e0 Marseille. Son travail a \u00e9t\u00e9 pr\u00e9sent\u00e9 dans nombreuses expositions collectives et personnelles en France et \u00e0 l\u2019International. Ses \u0153uvres sont pr\u00e9sentes dans des collections d\u2019\u0153uvre d\u2019art priv\u00e9es et publiques. Vous trouverez sur cette page la liste Publications dont il fait l\u2019objet ainsi que son parcours depuis 1989","robots":{"index":"index","follow":"follow","max-snippet":"max-snippet:-1","max-image-preview":"max-image-preview:large","max-video-preview":"max-video-preview:-1"},"canonical":"https:\/\/www.alain-andrade.com\/index.php\/contact-us\/","og_locale":"fr_FR","og_type":"article","og_title":"Me contacter - Alain Andrade Photographe","og_description":"Alain Andrade est un photographe n\u00e9 en 1956 \u00e0 Paris. Il vit et travaille \u00e0 Marseille. Son travail a \u00e9t\u00e9 pr\u00e9sent\u00e9 dans nombreuses expositions collectives et personnelles en France et \u00e0 l\u2019International. Ses \u0153uvres sont pr\u00e9sentes dans des collections d\u2019\u0153uvre d\u2019art priv\u00e9es et publiques. Vous trouverez sur cette page la liste Publications dont il fait l\u2019objet ainsi que son parcours depuis 1989","og_url":"https:\/\/www.alain-andrade.com\/index.php\/contact-us\/","og_site_name":"Alain Andrade Photographe","article_modified_time":"2024-05-07T07:17:04+00:00","twitter_card":"summary_large_image","twitter_misc":{"Dur\u00e9e de lecture estim\u00e9e":"1 minute"},"schema":{"@context":"https:\/\/schema.org","@graph":[{"@type":"WebPage","@id":"https:\/\/www.alain-andrade.com\/index.php\/contact-us\/","url":"https:\/\/www.alain-andrade.com\/index.php\/contact-us\/","name":"Me contacter - Alain Andrade Photographe","isPartOf":{"@id":"https:\/\/www.alain-andrade.com\/#website"},"datePublished":"2017-02-10T13:35:00+00:00","dateModified":"2024-05-07T07:17:04+00:00","description":"Alain Andrade est un photographe n\u00e9 en 1956 \u00e0 Paris. Il vit et travaille \u00e0 Marseille. Son travail a \u00e9t\u00e9 pr\u00e9sent\u00e9 dans nombreuses expositions collectives et personnelles en France et \u00e0 l\u2019International. Ses \u0153uvres sont pr\u00e9sentes dans des collections d\u2019\u0153uvre d\u2019art priv\u00e9es et publiques. Vous trouverez sur cette page la liste Publications dont il fait l\u2019objet ainsi que son parcours depuis 1989","breadcrumb":{"@id":"https:\/\/www.alain-andrade.com\/index.php\/contact-us\/#breadcrumb"},"inLanguage":"fr-FR","potentialAction":[{"@type":"ReadAction","target":["https:\/\/www.alain-andrade.com\/index.php\/contact-us\/"]}]},{"@type":"BreadcrumbList","@id":"https:\/\/www.alain-andrade.com\/index.php\/contact-us\/#breadcrumb","itemListElement":[{"@type":"ListItem","position":1,"name":"Accueil","item":"https:\/\/www.alain-andrade.com\/"},{"@type":"ListItem","position":2,"name":"Me contacter"}]},{"@type":"WebSite","@id":"https:\/\/www.alain-andrade.com\/#website","url":"https:\/\/www.alain-andrade.com\/","name":"Alain Andrade Photographe","description":"Alain Andrade photographe","potentialAction":[{"@type":"SearchAction","target":{"@type":"EntryPoint","urlTemplate":"https:\/\/www.alain-andrade.com\/?s={search_term_string}"},"query-input":"required name=search_term_string"}],"inLanguage":"fr-FR"}]}},"_links":{"self":[{"href":"https:\/\/www.alain-andrade.com\/index.php\/wp-json\/wp\/v2\/pages\/4260","targetHints":{"allow":["GET"]}}],"collection":[{"href":"https:\/\/www.alain-andrade.com\/index.php\/wp-json\/wp\/v2\/pages"}],"about":[{"href":"https:\/\/www.alain-andrade.com\/index.php\/wp-json\/wp\/v2\/types\/page"}],"author":[{"embeddable":true,"href":"https:\/\/www.alain-andrade.com\/index.php\/wp-json\/wp\/v2\/users\/3"}],"replies":[{"embeddable":true,"href":"https:\/\/www.alain-andrade.com\/index.php\/wp-json\/wp\/v2\/comments?post=4260"}],"version-history":[{"count":8,"href":"https:\/\/www.alain-andrade.com\/index.php\/wp-json\/wp\/v2\/pages\/4260\/revisions"}],"predecessor-version":[{"id":7616,"href":"https:\/\/www.alain-andrade.com\/index.php\/wp-json\/wp\/v2\/pages\/4260\/revisions\/7616"}],"wp:attachment":[{"href":"https:\/\/www.alain-andrade.com\/index.php\/wp-json\/wp\/v2\/media?parent=4260"}],"curies":[{"name":"wp","href":"https:\/\/api.w.org\/{rel}","templated":true}]}}