{"id":5891,"date":"2017-02-27T09:35:51","date_gmt":"2017-02-27T08:35:51","guid":{"rendered":"https:\/\/koto.qodeinteractive.com\/?page_id=5891"},"modified":"2023-02-20T22:55:41","modified_gmt":"2023-02-20T21:55:41","slug":"presse","status":"publish","type":"page","link":"https:\/\/www.alain-andrade.com\/index.php\/presse\/","title":{"rendered":"Presse et actualit\u00e9s"},"content":{"rendered":"<p>[vc_row disable_background_image=\u00a0\u00bb\u00a0\u00bb css=\u00a0\u00bb.vc_custom_1488189080109{padding-top: 30px !important;padding-right: 30px !important;padding-left: 30px !important;}\u00a0\u00bb][vc_column]<div class=\"eltdf-blog-list-holder eltdf-bl-standard eltdf-bl-three-columns eltdf-bl-normal-space eltdf-bl-pag-infinite-scroll\"  data-type=standard data-number-of-posts=6 data-number-of-columns=3 data-space-between-columns=normal data-category=standard data-order-by=date data-order=DESC data-image-size=full data-title-tag=h4 data-excerpt-length=50 data-post-info-section=yes data-post-info-image=yes data-post-info-author=yes data-post-info-date=yes data-post-info-category=yes data-post-info-comments=no data-post-info-like=no data-post-info-share=no data-pagination-type=infinite-scroll data-max-num-pages=1 data-next-page=2>\n\t<div class=\"eltdf-bl-wrapper\">\n\t\t<ul class=\"eltdf-blog-list\">\n\t\t\t<li class=\"eltdf-bl-item clearfix\">\n\t<div class=\"eltdf-bli-inner\">\n        \n\t<div class=\"eltdf-post-image\">\n        \t\t    <a itemprop=\"url\" href=\"https:\/\/www.alain-andrade.com\/index.php\/2023\/01\/21\/alain-andrade-pedro-lino-mouvements-intimes-inferno\/\" title=\"\u00ab Mouvements Intimes \u00bb,Revue Inferno\">\n                            <img loading=\"lazy\" decoding=\"async\" width=\"650\" height=\"650\" src=\"https:\/\/alain-andrade.com\/wp-content\/uploads\/2023\/01\/news1.jpg\" class=\"attachment-full size-full wp-post-image\" alt=\"\" srcset=\"https:\/\/alain-andrade.com\/wp-content\/uploads\/2023\/01\/news1.jpg 650w, https:\/\/alain-andrade.com\/wp-content\/uploads\/2023\/01\/news1-300x300.jpg 300w, https:\/\/alain-andrade.com\/wp-content\/uploads\/2023\/01\/news1-150x150.jpg 150w, https:\/\/alain-andrade.com\/wp-content\/uploads\/2023\/01\/news1-550x550.jpg 550w\" sizes=\"auto, (max-width: 650px) 100vw, 650px\" \/>                \t\t    <\/a>\n        \t<\/div>\n\n        <div class=\"eltdf-bli-content\">\n\t        \t\t        <div class=\"eltdf-bli-info\">\n\t\t\t        <div itemprop=\"dateCreated\" class=\"eltdf-post-info-date entry-date published updated\">\n            <a itemprop=\"url\" href=\"https:\/\/www.alain-andrade.com\/index.php\/2023\/01\/\">\n    \n        21 janvier 2023        <\/a>\n    <meta itemprop=\"interactionCount\" content=\"UserComments: 0\"\/>\n<\/div><div class=\"eltdf-post-info-author\">\n    <span class=\"eltdf-post-info-author-text\">\n        By    <\/span>\n    <a itemprop=\"author\" class=\"eltdf-post-info-author-link\" href=\"https:\/\/www.alain-andrade.com\/index.php\/author\/admin9059\/\">\n        admin9059    <\/a>\n<\/div><div class=\"eltdf-post-info-category\">\n    <a href=\"https:\/\/www.alain-andrade.com\/index.php\/category\/standard\/\" rel=\"category tag\">Standard<\/a><\/div>\t\t        <\/div>\n\t        \n            \n<h4 itemprop=\"name\" class=\"entry-title eltdf-post-title\">\n            <a itemprop=\"url\" href=\"https:\/\/www.alain-andrade.com\/index.php\/2023\/01\/21\/alain-andrade-pedro-lino-mouvements-intimes-inferno\/\" title=\"\u00ab Mouvements Intimes \u00bb,Revue Inferno\">\n            \u00ab Mouvements Intimes \u00bb,Revue Inferno            <\/a>\n    <\/h4>\n            <div class=\"eltdf-bli-excerpt\">\n                \t\t<div class=\"eltdf-post-excerpt-holder\">\n\t\t\t<p itemprop=\"description\" class=\"eltdf-post-excerpt\">\n\t\t\t\t\u00abMouvements intimes\u00bb est le fruit d\u2019une \u00e9troite collaboration. Alain Andrade et Pedro Lino vivent tous les deux \u00e0 Marseille.\t\t\t<\/p>\n\t\t<\/div>\n\t                <div class=\"eltdf-post-read-more-button\">\n<a itemprop=\"url\" href=\"https:\/\/www.alain-andrade.com\/index.php\/2023\/01\/21\/alain-andrade-pedro-lino-mouvements-intimes-inferno\/\" target=\"_self\"  class=\"eltdf-btn eltdf-btn-medium eltdf-btn-simple eltdf-blog-list-button\"  >    <span class=\"eltdf-btn-text\">READ MORE<\/span>    <\/a><\/div>\n            <\/div>\n        <\/div>\n\t\t\t<\/div>\n<\/li><li class=\"eltdf-bl-item clearfix\">\n\t<div class=\"eltdf-bli-inner\">\n        \n\t<div class=\"eltdf-post-image\">\n        \t\t    <a itemprop=\"url\" href=\"https:\/\/www.alain-andrade.com\/index.php\/2023\/01\/21\/cabinet-des-estampes-bibliotheque-nationale\/\" title=\"Cabinet des Estampes, Biblioth\u00e8que Nationale\">\n                            <img loading=\"lazy\" decoding=\"async\" width=\"650\" height=\"650\" src=\"https:\/\/alain-andrade.com\/wp-content\/uploads\/2023\/01\/news2.jpg\" class=\"attachment-full size-full wp-post-image\" alt=\"\" srcset=\"https:\/\/alain-andrade.com\/wp-content\/uploads\/2023\/01\/news2.jpg 650w, https:\/\/alain-andrade.com\/wp-content\/uploads\/2023\/01\/news2-300x300.jpg 300w, https:\/\/alain-andrade.com\/wp-content\/uploads\/2023\/01\/news2-150x150.jpg 150w, https:\/\/alain-andrade.com\/wp-content\/uploads\/2023\/01\/news2-550x550.jpg 550w\" sizes=\"auto, (max-width: 650px) 100vw, 650px\" \/>                \t\t    <\/a>\n        \t<\/div>\n\n        <div class=\"eltdf-bli-content\">\n\t        \t\t        <div class=\"eltdf-bli-info\">\n\t\t\t        <div itemprop=\"dateCreated\" class=\"eltdf-post-info-date entry-date published updated\">\n            <a itemprop=\"url\" href=\"https:\/\/www.alain-andrade.com\/index.php\/2023\/01\/\">\n    \n        21 janvier 2023        <\/a>\n    <meta itemprop=\"interactionCount\" content=\"UserComments: 0\"\/>\n<\/div><div class=\"eltdf-post-info-author\">\n    <span class=\"eltdf-post-info-author-text\">\n        By    <\/span>\n    <a itemprop=\"author\" class=\"eltdf-post-info-author-link\" href=\"https:\/\/www.alain-andrade.com\/index.php\/author\/admin9059\/\">\n        admin9059    <\/a>\n<\/div><div class=\"eltdf-post-info-category\">\n    <a href=\"https:\/\/www.alain-andrade.com\/index.php\/category\/standard\/\" rel=\"category tag\">Standard<\/a><\/div>\t\t        <\/div>\n\t        \n            \n<h4 itemprop=\"name\" class=\"entry-title eltdf-post-title\">\n            <a itemprop=\"url\" href=\"https:\/\/www.alain-andrade.com\/index.php\/2023\/01\/21\/cabinet-des-estampes-bibliotheque-nationale\/\" title=\"Cabinet des Estampes, Biblioth\u00e8que Nationale\">\n            Cabinet des Estampes, Biblioth\u00e8que Nationale            <\/a>\n    <\/h4>\n            <div class=\"eltdf-bli-excerpt\">\n                \t\t<div class=\"eltdf-post-excerpt-holder\">\n\t\t\t<p itemprop=\"description\" class=\"eltdf-post-excerpt\">\n\t\t\t\tQuand la sensation prend le pas sur le regard et que le regard n'est pas loin de la sensation\t\t\t<\/p>\n\t\t<\/div>\n\t                <div class=\"eltdf-post-read-more-button\">\n<a itemprop=\"url\" href=\"https:\/\/www.alain-andrade.com\/index.php\/2023\/01\/21\/cabinet-des-estampes-bibliotheque-nationale\/\" target=\"_self\"  class=\"eltdf-btn eltdf-btn-medium eltdf-btn-simple eltdf-blog-list-button\"  >    <span class=\"eltdf-btn-text\">READ MORE<\/span>    <\/a><\/div>\n            <\/div>\n        <\/div>\n\t\t\t<\/div>\n<\/li><li class=\"eltdf-bl-item clearfix\">\n\t<div class=\"eltdf-bli-inner\">\n        \n\t<div class=\"eltdf-post-image\">\n        \t\t    <a itemprop=\"url\" href=\"https:\/\/www.alain-andrade.com\/index.php\/2023\/01\/16\/il-ne-reste-quune-ombre\/\" title=\"Il ne reste qu\u2019une ombre\">\n                            <img loading=\"lazy\" decoding=\"async\" width=\"650\" height=\"650\" src=\"https:\/\/alain-andrade.com\/wp-content\/uploads\/2016\/09\/il-ne-reste-qu-une-ombre-frac-2018-1.jpg\" class=\"attachment-full size-full wp-post-image\" alt=\"real\" srcset=\"https:\/\/alain-andrade.com\/wp-content\/uploads\/2016\/09\/il-ne-reste-qu-une-ombre-frac-2018-1.jpg 650w, https:\/\/alain-andrade.com\/wp-content\/uploads\/2016\/09\/il-ne-reste-qu-une-ombre-frac-2018-1-300x300.jpg 300w, https:\/\/alain-andrade.com\/wp-content\/uploads\/2016\/09\/il-ne-reste-qu-une-ombre-frac-2018-1-150x150.jpg 150w, https:\/\/alain-andrade.com\/wp-content\/uploads\/2016\/09\/il-ne-reste-qu-une-ombre-frac-2018-1-550x550.jpg 550w\" sizes=\"auto, (max-width: 650px) 100vw, 650px\" \/>                \t\t    <\/a>\n        \t<\/div>\n\n        <div class=\"eltdf-bli-content\">\n\t        \t\t        <div class=\"eltdf-bli-info\">\n\t\t\t        <div itemprop=\"dateCreated\" class=\"eltdf-post-info-date entry-date published updated\">\n            <a itemprop=\"url\" href=\"https:\/\/www.alain-andrade.com\/index.php\/2023\/01\/\">\n    \n        16 janvier 2023        <\/a>\n    <meta itemprop=\"interactionCount\" content=\"UserComments: 0\"\/>\n<\/div><div class=\"eltdf-post-info-author\">\n    <span class=\"eltdf-post-info-author-text\">\n        By    <\/span>\n    <a itemprop=\"author\" class=\"eltdf-post-info-author-link\" href=\"https:\/\/www.alain-andrade.com\/index.php\/author\/admin9059\/\">\n        admin9059    <\/a>\n<\/div><div class=\"eltdf-post-info-category\">\n    <a href=\"https:\/\/www.alain-andrade.com\/index.php\/category\/standard\/\" rel=\"category tag\">Standard<\/a><\/div>\t\t        <\/div>\n\t        \n            \n<h4 itemprop=\"name\" class=\"entry-title eltdf-post-title\">\n            <a itemprop=\"url\" href=\"https:\/\/www.alain-andrade.com\/index.php\/2023\/01\/16\/il-ne-reste-quune-ombre\/\" title=\"Il ne reste qu\u2019une ombre\">\n            Il ne reste qu\u2019une ombre            <\/a>\n    <\/h4>\n            <div class=\"eltdf-bli-excerpt\">\n                \t\t<div class=\"eltdf-post-excerpt-holder\">\n\t\t\t<p itemprop=\"description\" class=\"eltdf-post-excerpt\">\n\t\t\t\tS\u00e9lection d\u2019\u0153uvres d\u2019artistes de la collection du Frac Provence-Alpes-C\u00f4te d\u2019Azur autour du th\u00e8me de l\u2019ombre, entre double obscur du r\u00e9el et source intarissable d\u2019imaginaire.\t\t\t<\/p>\n\t\t<\/div>\n\t                <div class=\"eltdf-post-read-more-button\">\n<a itemprop=\"url\" href=\"https:\/\/www.alain-andrade.com\/index.php\/2023\/01\/16\/il-ne-reste-quune-ombre\/\" target=\"_self\"  class=\"eltdf-btn eltdf-btn-medium eltdf-btn-simple eltdf-blog-list-button\"  >    <span class=\"eltdf-btn-text\">READ MORE<\/span>    <\/a><\/div>\n            <\/div>\n        <\/div>\n\t\t\t<\/div>\n<\/li>\t\t<\/ul>\n\t<\/div>\n\t<\/div>[\/vc_column][\/vc_row]<\/p>\n","protected":false},"excerpt":{"rendered":"<p>[vc_row disable_background_image=\u00a0\u00bb\u00a0\u00bb css=\u00a0\u00bb.vc_custom_1488189080109{padding-top: 30px !important;padding-right: [&hellip;]<\/p>\n","protected":false},"author":3,"featured_media":0,"parent":0,"menu_order":0,"comment_status":"closed","ping_status":"closed","template":"full-width.php","meta":{"footnotes":""},"class_list":["post-5891","page","type-page","status-publish","hentry"],"yoast_head":"<!-- This site is optimized with the Yoast SEO plugin v22.6 - https:\/\/yoast.com\/wordpress\/plugins\/seo\/ -->\n<title>Presse et actualit\u00e9s - Alain Andrade Photographe<\/title>\n<meta name=\"description\" content=\"Alain Andrade est un photographe n\u00e9 en 1956 \u00e0 Paris. Il vit et travaille \u00e0 Marseille. Son travail a \u00e9t\u00e9 pr\u00e9sent\u00e9 dans nombreuses expositions collectives et personnelles en France et \u00e0 l\u2019International. Ses \u0153uvres sont pr\u00e9sentes dans des collections d\u2019\u0153uvre d\u2019art priv\u00e9es et publiques. Vous trouverez sur cette page la liste Publications dont il fait l\u2019objet ainsi que son parcours depuis 1989\" \/>\n<meta name=\"robots\" content=\"index, follow, max-snippet:-1, max-image-preview:large, max-video-preview:-1\" \/>\n<link rel=\"canonical\" href=\"https:\/\/www.alain-andrade.com\/index.php\/presse\/\" \/>\n<meta property=\"og:locale\" content=\"fr_FR\" \/>\n<meta property=\"og:type\" content=\"article\" \/>\n<meta property=\"og:title\" content=\"Presse et actualit\u00e9s - Alain Andrade Photographe\" \/>\n<meta property=\"og:description\" content=\"Alain Andrade est un photographe n\u00e9 en 1956 \u00e0 Paris. Il vit et travaille \u00e0 Marseille. Son travail a \u00e9t\u00e9 pr\u00e9sent\u00e9 dans nombreuses expositions collectives et personnelles en France et \u00e0 l\u2019International. Ses \u0153uvres sont pr\u00e9sentes dans des collections d\u2019\u0153uvre d\u2019art priv\u00e9es et publiques. Vous trouverez sur cette page la liste Publications dont il fait l\u2019objet ainsi que son parcours depuis 1989\" \/>\n<meta property=\"og:url\" content=\"https:\/\/www.alain-andrade.com\/index.php\/presse\/\" \/>\n<meta property=\"og:site_name\" content=\"Alain Andrade Photographe\" \/>\n<meta property=\"article:modified_time\" content=\"2023-02-20T21:55:41+00:00\" \/>\n<meta name=\"twitter:card\" content=\"summary_large_image\" \/>\n<meta name=\"twitter:label1\" content=\"Dur\u00e9e de lecture estim\u00e9e\" \/>\n\t<meta name=\"twitter:data1\" content=\"1 minute\" \/>\n<script type=\"application\/ld+json\" class=\"yoast-schema-graph\">{\"@context\":\"https:\/\/schema.org\",\"@graph\":[{\"@type\":\"WebPage\",\"@id\":\"https:\/\/www.alain-andrade.com\/index.php\/presse\/\",\"url\":\"https:\/\/www.alain-andrade.com\/index.php\/presse\/\",\"name\":\"Presse et actualit\u00e9s - Alain Andrade Photographe\",\"isPartOf\":{\"@id\":\"https:\/\/www.alain-andrade.com\/#website\"},\"datePublished\":\"2017-02-27T08:35:51+00:00\",\"dateModified\":\"2023-02-20T21:55:41+00:00\",\"description\":\"Alain Andrade est un photographe n\u00e9 en 1956 \u00e0 Paris. Il vit et travaille \u00e0 Marseille. Son travail a \u00e9t\u00e9 pr\u00e9sent\u00e9 dans nombreuses expositions collectives et personnelles en France et \u00e0 l\u2019International. Ses \u0153uvres sont pr\u00e9sentes dans des collections d\u2019\u0153uvre d\u2019art priv\u00e9es et publiques. Vous trouverez sur cette page la liste Publications dont il fait l\u2019objet ainsi que son parcours depuis 1989\",\"breadcrumb\":{\"@id\":\"https:\/\/www.alain-andrade.com\/index.php\/presse\/#breadcrumb\"},\"inLanguage\":\"fr-FR\",\"potentialAction\":[{\"@type\":\"ReadAction\",\"target\":[\"https:\/\/www.alain-andrade.com\/index.php\/presse\/\"]}]},{\"@type\":\"BreadcrumbList\",\"@id\":\"https:\/\/www.alain-andrade.com\/index.php\/presse\/#breadcrumb\",\"itemListElement\":[{\"@type\":\"ListItem\",\"position\":1,\"name\":\"Accueil\",\"item\":\"https:\/\/www.alain-andrade.com\/\"},{\"@type\":\"ListItem\",\"position\":2,\"name\":\"Presse et actualit\u00e9s\"}]},{\"@type\":\"WebSite\",\"@id\":\"https:\/\/www.alain-andrade.com\/#website\",\"url\":\"https:\/\/www.alain-andrade.com\/\",\"name\":\"Alain Andrade Photographe\",\"description\":\"Alain Andrade photographe\",\"potentialAction\":[{\"@type\":\"SearchAction\",\"target\":{\"@type\":\"EntryPoint\",\"urlTemplate\":\"https:\/\/www.alain-andrade.com\/?s={search_term_string}\"},\"query-input\":\"required name=search_term_string\"}],\"inLanguage\":\"fr-FR\"}]}<\/script>\n<!-- \/ Yoast SEO plugin. -->","yoast_head_json":{"title":"Presse et actualit\u00e9s - Alain Andrade Photographe","description":"Alain Andrade est un photographe n\u00e9 en 1956 \u00e0 Paris. Il vit et travaille \u00e0 Marseille. Son travail a \u00e9t\u00e9 pr\u00e9sent\u00e9 dans nombreuses expositions collectives et personnelles en France et \u00e0 l\u2019International. Ses \u0153uvres sont pr\u00e9sentes dans des collections d\u2019\u0153uvre d\u2019art priv\u00e9es et publiques. Vous trouverez sur cette page la liste Publications dont il fait l\u2019objet ainsi que son parcours depuis 1989","robots":{"index":"index","follow":"follow","max-snippet":"max-snippet:-1","max-image-preview":"max-image-preview:large","max-video-preview":"max-video-preview:-1"},"canonical":"https:\/\/www.alain-andrade.com\/index.php\/presse\/","og_locale":"fr_FR","og_type":"article","og_title":"Presse et actualit\u00e9s - Alain Andrade Photographe","og_description":"Alain Andrade est un photographe n\u00e9 en 1956 \u00e0 Paris. Il vit et travaille \u00e0 Marseille. Son travail a \u00e9t\u00e9 pr\u00e9sent\u00e9 dans nombreuses expositions collectives et personnelles en France et \u00e0 l\u2019International. Ses \u0153uvres sont pr\u00e9sentes dans des collections d\u2019\u0153uvre d\u2019art priv\u00e9es et publiques. Vous trouverez sur cette page la liste Publications dont il fait l\u2019objet ainsi que son parcours depuis 1989","og_url":"https:\/\/www.alain-andrade.com\/index.php\/presse\/","og_site_name":"Alain Andrade Photographe","article_modified_time":"2023-02-20T21:55:41+00:00","twitter_card":"summary_large_image","twitter_misc":{"Dur\u00e9e de lecture estim\u00e9e":"1 minute"},"schema":{"@context":"https:\/\/schema.org","@graph":[{"@type":"WebPage","@id":"https:\/\/www.alain-andrade.com\/index.php\/presse\/","url":"https:\/\/www.alain-andrade.com\/index.php\/presse\/","name":"Presse et actualit\u00e9s - Alain Andrade Photographe","isPartOf":{"@id":"https:\/\/www.alain-andrade.com\/#website"},"datePublished":"2017-02-27T08:35:51+00:00","dateModified":"2023-02-20T21:55:41+00:00","description":"Alain Andrade est un photographe n\u00e9 en 1956 \u00e0 Paris. Il vit et travaille \u00e0 Marseille. Son travail a \u00e9t\u00e9 pr\u00e9sent\u00e9 dans nombreuses expositions collectives et personnelles en France et \u00e0 l\u2019International. Ses \u0153uvres sont pr\u00e9sentes dans des collections d\u2019\u0153uvre d\u2019art priv\u00e9es et publiques. Vous trouverez sur cette page la liste Publications dont il fait l\u2019objet ainsi que son parcours depuis 1989","breadcrumb":{"@id":"https:\/\/www.alain-andrade.com\/index.php\/presse\/#breadcrumb"},"inLanguage":"fr-FR","potentialAction":[{"@type":"ReadAction","target":["https:\/\/www.alain-andrade.com\/index.php\/presse\/"]}]},{"@type":"BreadcrumbList","@id":"https:\/\/www.alain-andrade.com\/index.php\/presse\/#breadcrumb","itemListElement":[{"@type":"ListItem","position":1,"name":"Accueil","item":"https:\/\/www.alain-andrade.com\/"},{"@type":"ListItem","position":2,"name":"Presse et actualit\u00e9s"}]},{"@type":"WebSite","@id":"https:\/\/www.alain-andrade.com\/#website","url":"https:\/\/www.alain-andrade.com\/","name":"Alain Andrade Photographe","description":"Alain Andrade photographe","potentialAction":[{"@type":"SearchAction","target":{"@type":"EntryPoint","urlTemplate":"https:\/\/www.alain-andrade.com\/?s={search_term_string}"},"query-input":"required name=search_term_string"}],"inLanguage":"fr-FR"}]}},"_links":{"self":[{"href":"https:\/\/www.alain-andrade.com\/index.php\/wp-json\/wp\/v2\/pages\/5891","targetHints":{"allow":["GET"]}}],"collection":[{"href":"https:\/\/www.alain-andrade.com\/index.php\/wp-json\/wp\/v2\/pages"}],"about":[{"href":"https:\/\/www.alain-andrade.com\/index.php\/wp-json\/wp\/v2\/types\/page"}],"author":[{"embeddable":true,"href":"https:\/\/www.alain-andrade.com\/index.php\/wp-json\/wp\/v2\/users\/3"}],"replies":[{"embeddable":true,"href":"https:\/\/www.alain-andrade.com\/index.php\/wp-json\/wp\/v2\/comments?post=5891"}],"version-history":[{"count":12,"href":"https:\/\/www.alain-andrade.com\/index.php\/wp-json\/wp\/v2\/pages\/5891\/revisions"}],"predecessor-version":[{"id":7142,"href":"https:\/\/www.alain-andrade.com\/index.php\/wp-json\/wp\/v2\/pages\/5891\/revisions\/7142"}],"wp:attachment":[{"href":"https:\/\/www.alain-andrade.com\/index.php\/wp-json\/wp\/v2\/media?parent=5891"}],"curies":[{"name":"wp","href":"https:\/\/api.w.org\/{rel}","templated":true}]}}